{"id":67,"date":"2026-02-19T12:20:02","date_gmt":"2026-02-19T17:20:02","guid":{"rendered":"https:\/\/kgladhill.dectim.ca\/tp2-ep\/?page_id=67"},"modified":"2026-03-24T14:10:24","modified_gmt":"2026-03-24T18:10:24","slug":"accueil","status":"publish","type":"page","link":"https:\/\/kgladhill.dectim.ca\/tp2-ep\/","title":{"rendered":"Accueil"},"content":{"rendered":"\n<div class=\"wp-block-cover alignfull\" style=\"margin-top:0;margin-bottom:0;padding-top:var(--wp--preset--spacing--70);padding-right:0;padding-bottom:var(--wp--preset--spacing--70);padding-left:0;min-height:75vh;aspect-ratio:unset;\"><img loading=\"lazy\" decoding=\"async\" width=\"1920\" height=\"929\" class=\"wp-block-cover__image-background wp-image-686 size-full\" alt=\"\" src=\"https:\/\/kgladhill.dectim.ca\/tp2-ep\/wp-content\/uploads\/2026\/03\/hero-accueil-v2-1.jpg\" data-object-fit=\"cover\" srcset=\"https:\/\/kgladhill.dectim.ca\/tp2-ep\/wp-content\/uploads\/2026\/03\/hero-accueil-v2-1.jpg 1920w, https:\/\/kgladhill.dectim.ca\/tp2-ep\/wp-content\/uploads\/2026\/03\/hero-accueil-v2-1-300x145.jpg 300w, https:\/\/kgladhill.dectim.ca\/tp2-ep\/wp-content\/uploads\/2026\/03\/hero-accueil-v2-1-1024x495.jpg 1024w, https:\/\/kgladhill.dectim.ca\/tp2-ep\/wp-content\/uploads\/2026\/03\/hero-accueil-v2-1-768x372.jpg 768w, https:\/\/kgladhill.dectim.ca\/tp2-ep\/wp-content\/uploads\/2026\/03\/hero-accueil-v2-1-1536x743.jpg 1536w\" sizes=\"auto, (max-width: 1920px) 100vw, 1920px\" \/><span aria-hidden=\"true\" class=\"wp-block-cover__background has-background-dim-0 has-background-dim\"><\/span><div class=\"wp-block-cover__inner-container is-layout-flow wp-block-cover-is-layout-flow\">\n<h1 class=\"wp-block-heading has-text-align-center animated backInRight o-anim-offset-o-anim-offset-0px has-ast-global-color-4-color has-text-color has-link-color wp-elements-c2999125073b83ca092ea076f30d2913\">Lexia<\/h1>\n\n\n\n<div class=\"wp-block-group is-layout-constrained wp-block-group-is-layout-constrained\" style=\"margin-top:0;margin-bottom:0;padding-top:0;padding-bottom:0\">\n<h2 class=\"wp-block-heading has-text-align-center animated backInRight o-anim-offset-o-anim-offset-0px has-ast-global-color-4-color has-text-color has-link-color wp-elements-0812c2d9bb6f52e0c78ac6b07267ad5f\">Change de langue, sans changer de vie.<\/h2>\n<\/div>\n\n\n\n<div class=\"wp-block-buttons animated backInRight o-anim-offset-o-anim-offset-0px is-content-justification-center is-layout-flex wp-container-core-buttons-is-layout-913b8bd6 wp-block-buttons-is-layout-flex\" style=\"margin-top:5.5rem;padding-top:0;padding-bottom:0;padding-left:0\">\n<div class=\"wp-block-button is-style-outline is-style-outline--1\"><a class=\"wp-block-button__link has-text-align-center wp-element-button\" href=\"https:\/\/kgladhill.dectim.ca\/tp2-ep\/produits\/\">T\u00e9l\u00e9charger Maintenant<\/a><\/div>\n<\/div>\n<\/div><\/div>\n\n\n\n<div class=\"wp-block-media-text has-media-on-the-right is-stacked-on-mobile has-ast-global-color-4-background-color has-background\" style=\"margin-top:0;margin-bottom:0;padding-top:100px;padding-bottom:100px;grid-template-columns:auto 58%\"><div class=\"wp-block-media-text__content\">\n<h2 class=\"wp-block-heading animated fadeInLeft o-anim-offset-o-anim-offset-0px\">Ici \u00e0 Lexia<\/h2>\n\n\n\n<div class=\"wp-block-group is-nowrap is-layout-flex wp-container-core-group-is-layout-6c531013 wp-block-group-is-layout-flex\">\n<h4 class=\"wp-block-heading has-text-align-left animated fadeInLeft o-anim-offset-o-anim-offset-0px\">Chez Lexia, nous cr\u00e9ons une exp\u00e9rience \u00e0 partir d&rsquo;une t\u00e2che. Le tout, d&rsquo;une mani\u00e8re \u00e9ducative, agr\u00e9able et m\u00e9morable. Avec notre application d&rsquo;apprentissage de langue en r\u00e9alit\u00e9 augment\u00e9e, vous ne r\u00e9aliserez m\u00eame pas que vous \u00eates en train d&rsquo;apprendre!<\/h4>\n<\/div>\n\n\n\n<div class=\"wp-block-buttons animated fadeInLeft o-anim-offset-o-anim-offset-0px is-layout-flex wp-container-core-buttons-is-layout-710a32d1 wp-block-buttons-is-layout-flex\" style=\"margin-top:20px;margin-bottom:20px\">\n<div class=\"wp-block-button\"><a class=\"wp-block-button__link wp-element-button\">Comment \u00e7a fonctionne?<\/a><\/div>\n<\/div>\n\n\n\n<div class=\"wp-block-buttons animated fadeInLeft o-anim-offset-o-anim-offset-0px is-layout-flex wp-block-buttons-is-layout-flex\">\n<div class=\"wp-block-button\"><a class=\"wp-block-button__link wp-element-button\">En savoir plus sur Lexia<\/a><\/div>\n<\/div>\n<\/div><figure class=\"wp-block-media-text__media\"><img loading=\"lazy\" decoding=\"async\" width=\"1024\" height=\"681\" src=\"https:\/\/kgladhill.dectim.ca\/tp2-ep\/wp-content\/uploads\/2026\/02\/apropos_explications-accueil-1024x681.jpg\" alt=\"\" class=\"wp-image-248 size-full\" srcset=\"https:\/\/kgladhill.dectim.ca\/tp2-ep\/wp-content\/uploads\/2026\/02\/apropos_explications-accueil-1024x681.jpg 1024w, https:\/\/kgladhill.dectim.ca\/tp2-ep\/wp-content\/uploads\/2026\/02\/apropos_explications-accueil-300x199.jpg 300w, https:\/\/kgladhill.dectim.ca\/tp2-ep\/wp-content\/uploads\/2026\/02\/apropos_explications-accueil-768x510.jpg 768w, https:\/\/kgladhill.dectim.ca\/tp2-ep\/wp-content\/uploads\/2026\/02\/apropos_explications-accueil-1536x1021.jpg 1536w, https:\/\/kgladhill.dectim.ca\/tp2-ep\/wp-content\/uploads\/2026\/02\/apropos_explications-accueil.jpg 1640w\" sizes=\"auto, (max-width: 1024px) 100vw, 1024px\" \/><\/figure><\/div>\n\n\n\n<div class=\"wp-block-group alignfull has-ast-global-color-5-background-color has-background is-content-justification-center is-layout-constrained wp-container-core-group-is-layout-f27055a9 wp-block-group-is-layout-constrained\" style=\"min-height:0px;padding-top:var(--wp--preset--spacing--80);padding-bottom:var(--wp--preset--spacing--80)\">\n<h2 class=\"wp-block-heading animated slideInLeft o-anim-offset-o-anim-offset-0px\">Fonctionnalit\u00e9s<\/h2>\n\n\n\n<div class=\"wp-block-group is-content-justification-center is-nowrap is-layout-flex wp-container-core-group-is-layout-23441af8 wp-block-group-is-layout-flex\">\n<div class=\"wp-block-cover wp-container-content-9cfa9a5a\" style=\"border-top-left-radius:40px;border-top-right-radius:40px;border-bottom-left-radius:40px;border-bottom-right-radius:40px;margin-top:var(--wp--preset--spacing--40);margin-bottom:var(--wp--preset--spacing--40);padding-top:0rem;padding-right:var(--wp--preset--spacing--80);padding-bottom:0rem;padding-left:var(--wp--preset--spacing--80)\"><img loading=\"lazy\" decoding=\"async\" width=\"1376\" height=\"768\" class=\"wp-block-cover__image-background wp-image-698 size-full\" alt=\"\" src=\"https:\/\/kgladhill.dectim.ca\/tp2-ep\/wp-content\/uploads\/2026\/03\/fonctionalite-1-v2-1.jpeg\" data-object-fit=\"cover\" srcset=\"https:\/\/kgladhill.dectim.ca\/tp2-ep\/wp-content\/uploads\/2026\/03\/fonctionalite-1-v2-1.jpeg 1376w, https:\/\/kgladhill.dectim.ca\/tp2-ep\/wp-content\/uploads\/2026\/03\/fonctionalite-1-v2-1-300x167.jpeg 300w, https:\/\/kgladhill.dectim.ca\/tp2-ep\/wp-content\/uploads\/2026\/03\/fonctionalite-1-v2-1-1024x572.jpeg 1024w, https:\/\/kgladhill.dectim.ca\/tp2-ep\/wp-content\/uploads\/2026\/03\/fonctionalite-1-v2-1-768x429.jpeg 768w\" sizes=\"auto, (max-width: 1376px) 100vw, 1376px\" \/><span aria-hidden=\"true\" class=\"wp-block-cover__background has-background-dim\"><\/span><div class=\"wp-block-cover__inner-container is-layout-flow wp-block-cover-is-layout-flow\">\n<div class=\"wp-block-group is-horizontal is-content-justification-space-between is-nowrap is-layout-flex wp-container-core-group-is-layout-27c93942 wp-block-group-is-layout-flex\" style=\"min-height:300px;margin-top:0;margin-bottom:0;padding-top:0;padding-right:0;padding-bottom:0;padding-left:0\">\n<h3 class=\"wp-block-heading has-ast-global-color-4-color has-text-color has-link-color wp-elements-318d4611567ef101b4ce8fbf1c1248a8\">Apprentissage<\/h3>\n\n\n\n<div class=\"wp-block-buttons is-layout-flex wp-container-core-buttons-is-layout-9bedd9bf wp-block-buttons-is-layout-flex\">\n<div class=\"wp-block-button is-style-outline is-style-outline--2\"><a class=\"wp-block-button__link wp-element-button\" href=\"https:\/\/kgladhill.dectim.ca\/tp2-ep\/2026\/03\/20\/fonctionnalite-1\/\">Voir plus<\/a><\/div>\n<\/div>\n<\/div>\n<\/div><\/div>\n\n\n\n<div class=\"wp-block-cover wp-container-content-9cfa9a5a\" style=\"border-top-left-radius:40px;border-top-right-radius:40px;border-bottom-left-radius:40px;border-bottom-right-radius:40px;padding-top:0;padding-right:var(--wp--preset--spacing--80);padding-bottom:0;padding-left:var(--wp--preset--spacing--80)\"><img loading=\"lazy\" decoding=\"async\" width=\"1376\" height=\"768\" class=\"wp-block-cover__image-background wp-image-1117 size-full\" alt=\"\" src=\"https:\/\/kgladhill.dectim.ca\/tp2-ep\/wp-content\/uploads\/2026\/03\/fonctionalite-1-cas-1.jpeg\" data-object-fit=\"cover\" srcset=\"https:\/\/kgladhill.dectim.ca\/tp2-ep\/wp-content\/uploads\/2026\/03\/fonctionalite-1-cas-1.jpeg 1376w, https:\/\/kgladhill.dectim.ca\/tp2-ep\/wp-content\/uploads\/2026\/03\/fonctionalite-1-cas-1-300x167.jpeg 300w, https:\/\/kgladhill.dectim.ca\/tp2-ep\/wp-content\/uploads\/2026\/03\/fonctionalite-1-cas-1-1024x572.jpeg 1024w, https:\/\/kgladhill.dectim.ca\/tp2-ep\/wp-content\/uploads\/2026\/03\/fonctionalite-1-cas-1-768x429.jpeg 768w\" sizes=\"auto, (max-width: 1376px) 100vw, 1376px\" \/><span aria-hidden=\"true\" class=\"wp-block-cover__background has-background-dim\"><\/span><div class=\"wp-block-cover__inner-container is-layout-flow wp-block-cover-is-layout-flow\">\n<div class=\"wp-block-group is-horizontal is-content-justification-space-between is-nowrap is-layout-flex wp-container-core-group-is-layout-27c93942 wp-block-group-is-layout-flex\" style=\"min-height:300px;margin-top:0;margin-bottom:0;padding-top:0;padding-right:0;padding-bottom:0;padding-left:0\">\n<h3 class=\"wp-block-heading has-ast-global-color-4-color has-text-color has-link-color wp-elements-5a3bb63f43ec7d0cff9dbc5c5b2c436b\">Traduction<\/h3>\n\n\n\n<div class=\"wp-block-buttons is-layout-flex wp-container-core-buttons-is-layout-9bedd9bf wp-block-buttons-is-layout-flex\">\n<div class=\"wp-block-button is-style-outline is-style-outline--3\"><a class=\"wp-block-button__link wp-element-button\" href=\"https:\/\/kgladhill.dectim.ca\/tp2-ep\/2026\/03\/20\/fonctionnalite-2\/\">Voir plus<\/a><\/div>\n<\/div>\n<\/div>\n<\/div><\/div>\n<\/div>\n\n\n\n<div class=\"wp-block-uagb-modal uagb-block-3253c2f4 uagb-modal-wrapper ticss-3253c2f4\" data-escpress=\"enable\" data-overlayclick=\"enable\"><div class=\"uagb-spectra-button-wrapper wp-block-button\"><a class=\"uagb-modal-button-link wp-block-button__link uagb-modal-trigger\" href=\"#\" onclick=\"return false;\" target=\"_self\" rel=\"noopener noreferrer\"><span class=\"uagb-modal-content-wrapper\"><span class=\"uagb-inline-editing\">Utilisation IA<\/span><\/span><\/a><\/div><div class=\"uagb-effect-default uagb-modal-popup uagb-block-3253c2f4 uagb-modal-type-undefined\"><div class=\"uagb-modal-popup-wrap\"><div class=\"uagb-modal-popup-content\">\n<p class=\"has-medium-font-size\">Au niveau des&nbsp;images et vid\u00e9os, l\u2019IA g\u00e9n\u00e9rative nous a servi \u00e0&nbsp;produire et\/ou bonifier certains m\u00e9dias&nbsp;(ex. visuels d\u2019ambiance, textures, illustrations, variations, courtes s\u00e9quences), ainsi qu\u2019\u00e0 g\u00e9n\u00e9rer des&nbsp;it\u00e9rations&nbsp;pour explorer rapidement des pistes de direction artistique. Les m\u00e9dias finaux ont ensuite \u00e9t\u00e9&nbsp;s\u00e9lectionn\u00e9s, retouch\u00e9s, int\u00e9gr\u00e9s et optimis\u00e9s&nbsp;par notre \u00e9quipe (compression, recadrage, formats web, coh\u00e9rence visuelle et accessibilit\u00e9). Tous les contenus g\u00e9n\u00e9r\u00e9s ont \u00e9t\u00e9 utilis\u00e9s de fa\u00e7on&nbsp;\u00e9thique et responsable&nbsp;: aucune personne r\u00e9elle identifiable n\u2019a \u00e9t\u00e9 imit\u00e9e, aucun deepfake n\u2019a \u00e9t\u00e9 produit, et aucune utilisation non d\u00e9clar\u00e9e n\u2019a \u00e9t\u00e9 effectu\u00e9e. Nous avons principalement utilis\u00e9 VEO\/Flow AI avec le mod\u00e8le Nanobana. Ce service n&rsquo;offre malheureusement pas une option pour partager la conversation.<\/p>\n<\/div><button class=\"uagb-modal-popup-close\" aria-label=\"Close Modal\"><svg xmlns=\"https:\/\/www.w3.org\/2000\/svg\" viewBox=\"0 0 320 512\"><path d=\"M310.6 361.4c12.5 12.5 12.5 32.75 0 45.25C304.4 412.9 296.2 416 288 416s-16.38-3.125-22.62-9.375L160 301.3L54.63 406.6C48.38 412.9 40.19 416 32 416S15.63 412.9 9.375 406.6c-12.5-12.5-12.5-32.75 0-45.25l105.4-105.4L9.375 150.6c-12.5-12.5-12.5-32.75 0-45.25s32.75-12.5 45.25 0L160 210.8l105.4-105.4c12.5-12.5 32.75-12.5 45.25 0s12.5 32.75 0 45.25l-105.4 105.4L310.6 361.4z\"><\/path><\/svg><\/button><\/div><\/div><\/div>\n<\/div>\n","protected":false},"excerpt":{"rendered":"<p>Fonctionnalit\u00e9s<\/p>\n","protected":false},"author":3,"featured_media":0,"parent":0,"menu_order":0,"comment_status":"closed","ping_status":"closed","template":"","meta":{"_uag_custom_page_level_css":"","site-sidebar-layout":"default","site-content-layout":"","ast-site-content-layout":"default","site-content-style":"default","site-sidebar-style":"default","ast-global-header-display":"","ast-banner-title-visibility":"","ast-main-header-display":"","ast-hfb-above-header-display":"","ast-hfb-below-header-display":"","ast-hfb-mobile-header-display":"","site-post-title":"","ast-breadcrumbs-content":"","ast-featured-img":"","footer-sml-layout":"","ast-disable-related-posts":"","theme-transparent-header-meta":"","adv-header-id-meta":"","stick-header-meta":"","header-above-stick-meta":"","header-main-stick-meta":"","header-below-stick-meta":"","astra-migrate-meta-layouts":"default","ast-page-background-enabled":"default","ast-page-background-meta":{"desktop":{"background-color":"var(--ast-global-color-5)","background-image":"","background-repeat":"repeat","background-position":"center center","background-size":"auto","background-attachment":"scroll","background-type":"","background-media":"","overlay-type":"","overlay-color":"","overlay-opacity":"","overlay-gradient":""},"tablet":{"background-color":"","background-image":"","background-repeat":"repeat","background-position":"center center","background-size":"auto","background-attachment":"scroll","background-type":"","background-media":"","overlay-type":"","overlay-color":"","overlay-opacity":"","overlay-gradient":""},"mobile":{"background-color":"","background-image":"","background-repeat":"repeat","background-position":"center center","background-size":"auto","background-attachment":"scroll","background-type":"","background-media":"","overlay-type":"","overlay-color":"","overlay-opacity":"","overlay-gradient":""}},"ast-content-background-meta":{"desktop":{"background-color":"var(--ast-global-color-4)","background-image":"","background-repeat":"repeat","background-position":"center center","background-size":"auto","background-attachment":"scroll","background-type":"","background-media":"","overlay-type":"","overlay-color":"","overlay-opacity":"","overlay-gradient":""},"tablet":{"background-color":"var(--ast-global-color-4)","background-image":"","background-repeat":"repeat","background-position":"center center","background-size":"auto","background-attachment":"scroll","background-type":"","background-media":"","overlay-type":"","overlay-color":"","overlay-opacity":"","overlay-gradient":""},"mobile":{"background-color":"var(--ast-global-color-4)","background-image":"","background-repeat":"repeat","background-position":"center center","background-size":"auto","background-attachment":"scroll","background-type":"","background-media":"","overlay-type":"","overlay-color":"","overlay-opacity":"","overlay-gradient":""}},"_themeisle_gutenberg_block_has_review":false,"footnotes":""},"class_list":["post-67","page","type-page","status-publish","hentry"],"uagb_featured_image_src":{"full":false,"thumbnail":false,"medium":false,"medium_large":false,"large":false,"1536x1536":false,"2048x2048":false},"uagb_author_info":{"display_name":"Guillaume","author_link":"https:\/\/kgladhill.dectim.ca\/tp2-ep\/author\/guillaume\/"},"uagb_comment_info":0,"uagb_excerpt":"Fonctionnalit\u00e9s","_links":{"self":[{"href":"https:\/\/kgladhill.dectim.ca\/tp2-ep\/wp-json\/wp\/v2\/pages\/67","targetHints":{"allow":["GET"]}}],"collection":[{"href":"https:\/\/kgladhill.dectim.ca\/tp2-ep\/wp-json\/wp\/v2\/pages"}],"about":[{"href":"https:\/\/kgladhill.dectim.ca\/tp2-ep\/wp-json\/wp\/v2\/types\/page"}],"author":[{"embeddable":true,"href":"https:\/\/kgladhill.dectim.ca\/tp2-ep\/wp-json\/wp\/v2\/users\/3"}],"replies":[{"embeddable":true,"href":"https:\/\/kgladhill.dectim.ca\/tp2-ep\/wp-json\/wp\/v2\/comments?post=67"}],"version-history":[{"count":59,"href":"https:\/\/kgladhill.dectim.ca\/tp2-ep\/wp-json\/wp\/v2\/pages\/67\/revisions"}],"predecessor-version":[{"id":1226,"href":"https:\/\/kgladhill.dectim.ca\/tp2-ep\/wp-json\/wp\/v2\/pages\/67\/revisions\/1226"}],"wp:attachment":[{"href":"https:\/\/kgladhill.dectim.ca\/tp2-ep\/wp-json\/wp\/v2\/media?parent=67"}],"curies":[{"name":"wp","href":"https:\/\/api.w.org\/{rel}","templated":true}]}}