{"id":31,"date":"2026-02-19T08:32:27","date_gmt":"2026-02-19T13:32:27","guid":{"rendered":"https:\/\/kgladhill.dectim.ca\/tp2-ep\/?page_id=31"},"modified":"2026-04-09T14:13:42","modified_gmt":"2026-04-09T18:13:42","slug":"contact","status":"publish","type":"page","link":"https:\/\/kgladhill.dectim.ca\/tp2-ep\/contact\/","title":{"rendered":"Contact"},"content":{"rendered":"\n<div class=\"wp-block-cover alignfull\" style=\"margin-top:0;margin-bottom:0;padding-top:0;padding-right:0;padding-bottom:0;padding-left:0;min-height:594px;aspect-ratio:unset;\"><img loading=\"lazy\" decoding=\"async\" width=\"2560\" height=\"1429\" class=\"wp-block-cover__image-background wp-image-1165 size-full\" alt=\"\" src=\"https:\/\/kgladhill.dectim.ca\/tp2-ep\/wp-content\/uploads\/2026\/03\/hero-contact-scaled.png\" data-object-fit=\"cover\" srcset=\"https:\/\/kgladhill.dectim.ca\/tp2-ep\/wp-content\/uploads\/2026\/03\/hero-contact-scaled.png 2560w, https:\/\/kgladhill.dectim.ca\/tp2-ep\/wp-content\/uploads\/2026\/03\/hero-contact-300x167.png 300w, https:\/\/kgladhill.dectim.ca\/tp2-ep\/wp-content\/uploads\/2026\/03\/hero-contact-1024x572.png 1024w, https:\/\/kgladhill.dectim.ca\/tp2-ep\/wp-content\/uploads\/2026\/03\/hero-contact-768x429.png 768w, https:\/\/kgladhill.dectim.ca\/tp2-ep\/wp-content\/uploads\/2026\/03\/hero-contact-1536x857.png 1536w, https:\/\/kgladhill.dectim.ca\/tp2-ep\/wp-content\/uploads\/2026\/03\/hero-contact-2048x1143.png 2048w\" sizes=\"auto, (max-width: 2560px) 100vw, 2560px\" \/><span aria-hidden=\"true\" class=\"wp-block-cover__background has-background-dim-0 has-background-dim\"><\/span><div class=\"wp-block-cover__inner-container is-layout-flow wp-block-cover-is-layout-flow\">\n<h1 class=\"wp-block-heading has-text-align-center animated backInRight o-anim-offset-o-anim-offset-0px has-ast-global-color-4-color has-text-color has-link-color wp-elements-4f7cfaabfb944fa78ff7f587c995cf8a\">Contact<\/h1>\n<\/div><\/div>\n\n\n\n<div class=\"wp-block-group is-layout-constrained wp-block-group-is-layout-constrained\">\n<h2 class=\"wp-block-heading\">Nos bureaux<\/h2>\n\n\n\n<div class=\"wp-block-uagb-container uagb-block-5a827521 alignfull uagb-is-root-container\"><div class=\"uagb-container-inner-blocks-wrap\">\n<div class=\"wp-block-uagb-container uagb-block-86f460ff\">\n<p>2778 Boulevard Jacques-Cartier Est<br>Longueuil (Qu\u00e9bec), J4N 1P8<\/p>\n<\/div>\n\n\n\n<div class=\"wp-block-uagb-container uagb-block-2d29928d\"><div style=\"height:550pxpx;\" class=\"wp-block-themeisle-blocks-leaflet-map\" id=\"wp-block-themeisle-blocks-leaflet-map-e45337c6\"><\/div>\n<script type=\"text\/javascript\">\n\t\/* <![CDATA[ *\/\n\t\tif ( ! window.themeisleLeafletMaps ) window.themeisleLeafletMaps =[];\n\t\twindow.themeisleLeafletMaps.push( { container: \"wp-block-themeisle-blocks-leaflet-map-e45337c6\", attributes: {\"id\":\"wp-block-themeisle-blocks-leaflet-map-e45337c6\",\"location\":\"2778 boulevard jacques-cartier est, Longueuil\",\"latitude\":\"45.56880189349123\",\"longitude\":\"-73.47312073492145\",\"bbox\":\"-73.52926254272462,45.552284837314595,-73.4169101715088,45.585332114789125\",\"zoom\":14,\"height\":\"550px\",\"markers\":[{\"id\":\"ec822a61-d525-4db2-9130-d868589ad5fb\",\"latitude\":45.565744362499998487692209891974925994873046875,\"longitude\":-73.4500656549999888511592871509492397308349609375,\"title\":\"Lexia Inc.\",\"description\":\"\",\"location\":\"2778 boulevard jacques-cartier est, longueuil\"}],\"lock\":{\"move\":false,\"remove\":false},\"zoomControl\":true,\"draggable\":true,\"hasCustomCSS\":false,\"customCSS\":\"\",\"otterConditions\":[]} } );\n\t\/* ]]> *\/\n<\/script>\n<\/div>\n<\/div><\/div>\n<\/div>\n\n\n\n<div class=\"wp-block-group alignfull has-ast-global-color-5-background-color has-background is-layout-constrained wp-container-core-group-is-layout-0b34fb3f wp-block-group-is-layout-constrained\" style=\"padding-top:var(--wp--preset--spacing--60);padding-right:var(--wp--preset--spacing--60);padding-bottom:var(--wp--preset--spacing--60);padding-left:var(--wp--preset--spacing--60)\">\n<div class=\"wp-block-group is-layout-constrained wp-block-group-is-layout-constrained\">\n<h2 class=\"wp-block-heading\">Nous contacter<\/h2>\n\n\n\n<div class=\"wp-block-columns is-layout-flex wp-container-core-columns-is-layout-28f84493 wp-block-columns-is-layout-flex\">\n<div class=\"wp-block-column is-layout-flow wp-block-column-is-layout-flow\" style=\"flex-basis:33.33%\">\n<div class=\"wp-block-uagb-forms uagb-forms__outer-wrap uagb-block-f042f23e uagb-forms__small-btn\"><form class=\"uagb-forms-main-form\" method=\"post\" autocomplete=\"on\" name=\"uagb-form-f042f23e\">\n<div class=\"wp-block-uagb-forms-name uagb-forms-name-wrap uagb-forms-field-set uagb-block-fe7f0169\"><div class=\"uagb-forms-name-label required uagb-forms-input-label\" id=\"fe7f0169\">Nom<\/div><input type=\"text\" placeholder=\"John Doe\" required class=\"uagb-forms-name-input uagb-forms-input\" name=\"fe7f0169\" autocomplete=\"name\"\/><\/div>\n\n\n\n<div class=\"wp-block-uagb-forms-email uagb-forms-email-wrap uagb-forms-field-set uagb-block-aa165f86\"><div class=\"uagb-forms-email-label required uagb-forms-input-label\" id=\"aa165f86\">Courriel<\/div><input type=\"email\" class=\"uagb-forms-email-input uagb-forms-input\" placeholder=\"example@mail.com\" required name=\"aa165f86\" autocomplete=\"email\"\/><\/div>\n\n\n\n<div class=\"wp-block-uagb-forms-textarea uagb-forms-textarea-wrap uagb-forms-field-set uagb-block-48b3ca29\"><div class=\"uagb-forms-textarea-label required uagb-forms-input-label\" id=\"48b3ca29\">Sujet<\/div><textarea required class=\"uagb-forms-textarea-input uagb-forms-input\" rows=\"2\" placeholder=\"Enter your message\" name=\"48b3ca29\" autocomplete=\"off\"><\/textarea><\/div>\n\n\n\n<div class=\"wp-block-uagb-forms-textarea uagb-forms-textarea-wrap uagb-forms-field-set uagb-block-21c25037\"><div class=\"uagb-forms-textarea-label required uagb-forms-input-label\" id=\"21c25037\">Message<\/div><textarea required class=\"uagb-forms-textarea-input uagb-forms-input\" rows=\"4\" placeholder=\"Enter your message\" name=\"21c25037\" autocomplete=\"off\"><\/textarea><\/div>\n<div class=\"uagb-forms-form-hidden-data\"><input type=\"hidden\" class=\"uagb_forms_form_label\" value=\"Spectra Form\"\/><input type=\"hidden\" class=\"uagb_forms_form_id\" value=\"uagb-form-f042f23e\"\/><\/div><div class=\"uagb-form-reacaptcha-error-f042f23e\"><\/div><div class=\"uagb-forms-main-submit-button-wrap wp-block-button\"><button class=\"uagb-forms-main-submit-button wp-block-button__link\"><div class=\"uagb-forms-main-submit-button-text\">Submit<\/div><\/button><\/div><\/form><div class=\"uagb-forms-success-message-f042f23e uagb-forms-submit-message-hide\"><span>The form has been submitted successfully!<\/span><\/div><div class=\"uagb-forms-failed-message-f042f23e uagb-forms-submit-message-hide\"><span>There has been some error while submitting the form. Please verify all form fields again.<\/span><\/div><\/div>\n<\/div>\n\n\n\n<div class=\"wp-block-column is-layout-flow wp-block-column-is-layout-flow\" style=\"flex-basis:66.66%\">\n<div class=\"wp-block-uagb-image uagb-block-14a98629 wp-block-uagb-image--layout-default wp-block-uagb-image--effect-static wp-block-uagb-image--align-none\"><figure class=\"wp-block-uagb-image__figure\"><img decoding=\"async\" srcset=\"https:\/\/kgladhill.dectim.ca\/tp2-ep\/wp-content\/uploads\/2026\/03\/contact-bureaux-1.png ,https:\/\/kgladhill.dectim.ca\/tp2-ep\/wp-content\/uploads\/2026\/03\/contact-bureaux-1.png 780w, https:\/\/kgladhill.dectim.ca\/tp2-ep\/wp-content\/uploads\/2026\/03\/contact-bureaux-1.png 360w\" sizes=\"auto, (max-width: 480px) 150px\" src=\"https:\/\/kgladhill.dectim.ca\/tp2-ep\/wp-content\/uploads\/2026\/03\/contact-bureaux-1.png\" alt=\"\" class=\"uag-image-1170\" width=\"1024\" height=\"495\" title=\"\" loading=\"lazy\" role=\"presentation\"\/><\/figure><\/div>\n<\/div>\n<\/div>\n<\/div>\n<\/div>\n\n\n\n<div class=\"wp-block-uagb-modal uagb-block-3253c2f4 uagb-modal-wrapper ticss-3253c2f4\" data-escpress=\"enable\" data-overlayclick=\"enable\"><div class=\"uagb-spectra-button-wrapper wp-block-button\"><a class=\"uagb-modal-button-link wp-block-button__link uagb-modal-trigger\" href=\"#\" onclick=\"return false;\" target=\"_self\" rel=\"noopener noreferrer\"><span class=\"uagb-modal-content-wrapper\"><span class=\"uagb-inline-editing\">Utilisation IA<\/span><\/span><\/a><\/div><div class=\"uagb-effect-default uagb-modal-popup uagb-block-3253c2f4 uagb-modal-type-undefined\"><div class=\"uagb-modal-popup-wrap\"><div class=\"uagb-modal-popup-content\">\n<p class=\"has-medium-font-size\">Au niveau des&nbsp;images et vid\u00e9os, l\u2019IA g\u00e9n\u00e9rative nous a servi \u00e0&nbsp;produire et\/ou bonifier certains m\u00e9dias&nbsp;(ex. visuels d\u2019ambiance, textures, illustrations, variations, courtes s\u00e9quences), ainsi qu\u2019\u00e0 g\u00e9n\u00e9rer des&nbsp;it\u00e9rations&nbsp;pour explorer rapidement des pistes de direction artistique. Les m\u00e9dias finaux ont ensuite \u00e9t\u00e9&nbsp;s\u00e9lectionn\u00e9s, retouch\u00e9s, int\u00e9gr\u00e9s et optimis\u00e9s&nbsp;par notre \u00e9quipe (compression, recadrage, formats web, coh\u00e9rence visuelle et accessibilit\u00e9). Tous les contenus g\u00e9n\u00e9r\u00e9s ont \u00e9t\u00e9 utilis\u00e9s de fa\u00e7on&nbsp;\u00e9thique et responsable&nbsp;: aucune personne r\u00e9elle identifiable n\u2019a \u00e9t\u00e9 imit\u00e9e, aucun deepfake n\u2019a \u00e9t\u00e9 produit, et aucune utilisation non d\u00e9clar\u00e9e n\u2019a \u00e9t\u00e9 effectu\u00e9e. Nous avons principalement utilis\u00e9 VEO\/Flow AI avec le mod\u00e8le Nanobana. Ce service n&rsquo;offre malheureusement pas une option pour partager la conversation.<\/p>\n<\/div><button class=\"uagb-modal-popup-close\" aria-label=\"Close Modal\"><svg xmlns=\"https:\/\/www.w3.org\/2000\/svg\" viewBox=\"0 0 320 512\"><path d=\"M310.6 361.4c12.5 12.5 12.5 32.75 0 45.25C304.4 412.9 296.2 416 288 416s-16.38-3.125-22.62-9.375L160 301.3L54.63 406.6C48.38 412.9 40.19 416 32 416S15.63 412.9 9.375 406.6c-12.5-12.5-12.5-32.75 0-45.25l105.4-105.4L9.375 150.6c-12.5-12.5-12.5-32.75 0-45.25s32.75-12.5 45.25 0L160 210.8l105.4-105.4c12.5-12.5 32.75-12.5 45.25 0s12.5 32.75 0 45.25l-105.4 105.4L310.6 361.4z\"><\/path><\/svg><\/button><\/div><\/div><\/div>\n","protected":false},"excerpt":{"rendered":"<p>Nos bureaux 2778 Boulevard Jacques-Cartier EstLongueuil (Qu\u00e9bec), J4N 1P8 Nous contacter<\/p>\n","protected":false},"author":3,"featured_media":0,"parent":0,"menu_order":0,"comment_status":"closed","ping_status":"closed","template":"","meta":{"_uag_custom_page_level_css":"","site-sidebar-layout":"default","site-content-layout":"","ast-site-content-layout":"default","site-content-style":"default","site-sidebar-style":"default","ast-global-header-display":"","ast-banner-title-visibility":"","ast-main-header-display":"","ast-hfb-above-header-display":"","ast-hfb-below-header-display":"","ast-hfb-mobile-header-display":"","site-post-title":"","ast-breadcrumbs-content":"","ast-featured-img":"","footer-sml-layout":"","ast-disable-related-posts":"","theme-transparent-header-meta":"","adv-header-id-meta":"","stick-header-meta":"","header-above-stick-meta":"","header-main-stick-meta":"","header-below-stick-meta":"","astra-migrate-meta-layouts":"default","ast-page-background-enabled":"default","ast-page-background-meta":{"desktop":{"background-color":"var(--ast-global-color-5)","background-image":"","background-repeat":"repeat","background-position":"center center","background-size":"auto","background-attachment":"scroll","background-type":"","background-media":"","overlay-type":"","overlay-color":"","overlay-opacity":"","overlay-gradient":""},"tablet":{"background-color":"","background-image":"","background-repeat":"repeat","background-position":"center center","background-size":"auto","background-attachment":"scroll","background-type":"","background-media":"","overlay-type":"","overlay-color":"","overlay-opacity":"","overlay-gradient":""},"mobile":{"background-color":"","background-image":"","background-repeat":"repeat","background-position":"center center","background-size":"auto","background-attachment":"scroll","background-type":"","background-media":"","overlay-type":"","overlay-color":"","overlay-opacity":"","overlay-gradient":""}},"ast-content-background-meta":{"desktop":{"background-color":"var(--ast-global-color-4)","background-image":"","background-repeat":"repeat","background-position":"center center","background-size":"auto","background-attachment":"scroll","background-type":"","background-media":"","overlay-type":"","overlay-color":"","overlay-opacity":"","overlay-gradient":""},"tablet":{"background-color":"var(--ast-global-color-4)","background-image":"","background-repeat":"repeat","background-position":"center center","background-size":"auto","background-attachment":"scroll","background-type":"","background-media":"","overlay-type":"","overlay-color":"","overlay-opacity":"","overlay-gradient":""},"mobile":{"background-color":"var(--ast-global-color-4)","background-image":"","background-repeat":"repeat","background-position":"center center","background-size":"auto","background-attachment":"scroll","background-type":"","background-media":"","overlay-type":"","overlay-color":"","overlay-opacity":"","overlay-gradient":""}},"_themeisle_gutenberg_block_has_review":false,"footnotes":""},"class_list":["post-31","page","type-page","status-publish","hentry"],"uagb_featured_image_src":{"full":false,"thumbnail":false,"medium":false,"medium_large":false,"large":false,"1536x1536":false,"2048x2048":false},"uagb_author_info":{"display_name":"Guillaume","author_link":"https:\/\/kgladhill.dectim.ca\/tp2-ep\/author\/guillaume\/"},"uagb_comment_info":0,"uagb_excerpt":"Nos bureaux 2778 Boulevard Jacques-Cartier EstLongueuil (Qu\u00e9bec), J4N 1P8 Nous contacter","_links":{"self":[{"href":"https:\/\/kgladhill.dectim.ca\/tp2-ep\/wp-json\/wp\/v2\/pages\/31","targetHints":{"allow":["GET"]}}],"collection":[{"href":"https:\/\/kgladhill.dectim.ca\/tp2-ep\/wp-json\/wp\/v2\/pages"}],"about":[{"href":"https:\/\/kgladhill.dectim.ca\/tp2-ep\/wp-json\/wp\/v2\/types\/page"}],"author":[{"embeddable":true,"href":"https:\/\/kgladhill.dectim.ca\/tp2-ep\/wp-json\/wp\/v2\/users\/3"}],"replies":[{"embeddable":true,"href":"https:\/\/kgladhill.dectim.ca\/tp2-ep\/wp-json\/wp\/v2\/comments?post=31"}],"version-history":[{"count":61,"href":"https:\/\/kgladhill.dectim.ca\/tp2-ep\/wp-json\/wp\/v2\/pages\/31\/revisions"}],"predecessor-version":[{"id":1276,"href":"https:\/\/kgladhill.dectim.ca\/tp2-ep\/wp-json\/wp\/v2\/pages\/31\/revisions\/1276"}],"wp:attachment":[{"href":"https:\/\/kgladhill.dectim.ca\/tp2-ep\/wp-json\/wp\/v2\/media?parent=31"}],"curies":[{"name":"wp","href":"https:\/\/api.w.org\/{rel}","templated":true}]}}